+ 9*o**2 + o**3 - 2 + o. Let t be (1/(-1))/(2/18). What is the units digit of u(t)?
4
Suppose -5*z = w - 10, 5 = -5*w + 3*z - 1. Let n = -38 - -176. Suppose -5*u + 2*j + 141 = 3*j, 5*u - 2*j - n = w. What is the tens digit of u?
2
What is the tens digit of (-4)/7*(-36645)/30?
9
What is the tens digit of (-3 - -4)/(4 + 11903/(-2976))?
7
Let f = -30 - -18. Let k be 4/(-5)*30/f. Suppose 3*i - 281 = -k*i - 2*x, -3*x - 101 = -2*i. What is the tens digit of i?
5
Suppose 4*b = 5*r - 5, 4*r - 5 = -1. Suppose b*w - 28 = 4*w. Let h(d) = -d**3 - 7*d**2 - 5*d. What is the units digit of h(w)?
5
Let s(t) be the second derivative of t**5/20 + 5*t**4/12 + t**3 + 2*t**2 + 2*t. Let f be s(-4). Let y = 7 + f. What is the units digit of y?
3
Suppose -120131 = -4*b - 63*b. What is the tens digit of b?
9
Suppose -5*i + 4*x = 0, i + x = -2*i. Suppose i = 3*h - 5*f - 74 - 131, 0 = 2*h - 3*f - 135. What is the units digit of h?
0
Suppose -17*j + 9819 + 11652 = 0. What is the tens digit of j?
6
Suppose -8*l + 220 = -3*l. What is the units digit of (7 - 6) + (l - -1)?
6
Suppose -432 - 1724 = -44*b. What is the tens digit of b?
4
Suppose 45*v + 44996 = 59*v. What is the units digit of v?
4
Let s = 1382 + -796. What is the hundreds digit of (-3 - -2 - 0)/((-2)/s)?
2
Let d(g) = -4*g**3 + 11*g**2 - 14 + 87*g + 3*g**3 - 72*g. What is the tens digit of d(10)?
3
Let m be 10 + 4 + (2 - 4). Suppose 3*s + m = 6*s. What is the units digit of 130/50 - s/(-10)?
3
Suppose -11*c = -5505 + 896. What is the units digit of c?
9
Let y = -1923 - -4323. What is the thousands digit of y?
2
Suppose -2*l + 1392 = 2*u, -5*u + 0*l = 2*l - 3474. What is the tens digit of u?
9
Let d(g) = 5*g + 12. Let a be d(3). What is the tens digit of (-135)/6*12/a*-3?
3
Let d = -1 - -4. Suppose 5*k - 88 - 101 = -d*p, -4*p - 3*k = -263. What is the tens digit of p?
6
Let g be 1354/30 + 38/(-285). Let i = 3 + g. What is the tens digit of i?
4
Let z = 48 + -98. Let b = 103 + z. What is the tens digit of b?
5
Let v(y) = y**3 - 2*y**2 - 4*y + 4. Let i be v(3). Let m(u) = 136*u. Let x(n) = 68*n. Let k(q) = 4*m(q) - 7*x(q). What is the tens digit of k(i)?
6
Suppose -4146 = -10*l + 964. What is the units digit of l?
1
Let x(s) be the third derivative of -113*s**4/24 + 2*s**3/3 + 20*s**2. What is the tens digit of x(-1)?
1
Let g = -21 + 161. Let f = -79 + g. What is the tens digit of f?
6
Let g = 41 + 99. Let z be ((-255)/(-9))/(4/(-12)). Let j = g + z. What is the units digit of j?
5
Let z be -2 + (4 - 22) + 3. Let v(o) = -o**3 - 17*o**2 - 2*o + 5. What is the units digit of v(z)?
9
Suppose k + 56 = -3*k. Let b = -9 - k. Suppose 3*s - b*r - 80 - 2 = 0, r + 74 = 3*s. What is the units digit of s?
4
Let g(d) = d**3 - 6*d**2 + 6*d - 5. Let c be g(5). Suppose c = 6*p + 9 - 27. Suppose l - p*y = 50, 0*y + 3*y + 132 = 3*l. What is the tens digit of l?
4
Suppose 237 = -m - 5*h + 1445, -2*h - 6067 = -5*m. What is the hundreds digit of m?
2
Let v be 9/(-18)*(0 - 4). Suppose 92 + 122 = v*w. What is the hundreds digit of w?
1
Let v be ((-1 - 1) + 45/10)*12. What is the units digit of 6/(-4)*(-1580)/v?
9
Let h(f) = 21*f - 755. Let a be h(39). Let o be ((-5)/3)/(2/(-6)). Suppose 0 = 2*n - o*n - c + a, 3*c = 4*n - 68. What is the tens digit of n?
2
Suppose -21*j + 10 = -19*j. Suppose 0 = 4*b + j*l - 549 - 107, -2*l - 8 = 0. What is the hundreds digit of b?
1
Let r be (-72)/(-21) + 21/(-49). Suppose 5*l = 4*d - 288, 0 = -r*d - 5*l + 134 + 47. What is the tens digit of d?
6
Let a = 538 + 545. What is the units digit of a?
3
Let s be (-106 - 2) + -1 + 4. Let q = 236 + s. What is the hundreds digit of q?
1
What is the tens digit of (23*10)/2 - (-18)/(-6)?
1
Let b(v) = -34*v - 6. Let u be b(-4). Suppose 13*h = 14*h - u. What is the units digit of h?
0
Let f = 329 - 245. What is the tens digit of f?
8
Let s = -25 + 47. Let i(l) = 4*l**2 - 8*l + s*l - 15*l - 3. What is the units digit of i(3)?
0
Let f = 2 + -1. Let n = f + -13. What is the units digit of (-3)/(-2) + (-210)/n?
9
What is the units digit of ((-9)/18 + 2621/(-10))*-5?
3
Let o = 1396 + -1177. What is the tens digit of o?
1
Let t(u) = -u**3 + 15*u**2 - 14*u + 14. Let s be t(14). Suppose 3*c - 50 = c. Suppose -5*w = -a - s, 0 = 2*a + 4*w - c - 17. What is the units digit of a?
1
Suppose -4*a - 4 = 2*o + 4, 4*o - a = 2. Suppose n - 4*n + 15 = o. Let v = n - -8. What is the tens digit of v?
1
Let b = -546 - -828. Let w = 13 + -15. What is the tens digit of (-1)/w*b/3?
4
Let u(p) = -p**3 + 20*p**2 - 15*p + 6. Let r be u(19). Suppose 4*d - 166 - r = 0. What is the units digit of d?
2
What is the thousands digit of ((-15)/4)/((-6)/4960)?
3
Suppose -357 = -2*c + 81. What is the tens digit of 0 + 3*c/9?
7
Let h = 12 - 0. Suppose 4*j = -0*j + 360. Suppose -3*s - 3*m + 4*m = -j, 4*m = -h. What is the units digit of s?
9
Suppose -19 + 10 = -3*a. Suppose a*w = 98 - 17. What is the units digit of w?
7
Let f be -3 + 2/2 + 17. What is the units digit of ((-36)/30)/((-6)/f)?
3
What is the hundreds digit of 31006/14 - (-18)/14?
2
Let x(w) = -w**3 - 6*w**2 - 11*w + 4. Suppose 17*a - 12*a = -40. Let n be x(a). Suppose -n = -13*t + 9*t. What is the units digit of t?
5
Let f = 30 + -33. What is the tens digit of (-2 - 0)*(f - (-25)/(-2))?
3
Let c be -3*(147/(-9))/7. Let q be 0/c - 1*-6. Suppose q*v - 9*v = -126. What is the tens digit of v?
4
Let y(a) = 3 + 1 + 347*a**2 - 4*a - 348*a**2. Let x be (6/4)/((-6)/16). What is the units digit of y(x)?
4
Suppose 3*f - f + 931 = -5*o, -4*o - 2*f = 744. Let s = o - -265. What is the units digit of s?
8
Let m = 1362 + -717. What is the hundreds digit of m?
6
Let b be (-6)/(-33) - 80/(-44). Let n be b/10 + 48/10. Suppose -4*l + 92 = 4*j, -5*j - l = -n*l - 70. What is the units digit of j?
8
Suppose -4*y + 9 = -y. Suppose 0 = -y*n + 12, 23 = 4*j - j + 2*n. Suppose 1 = b + 3*h - 8, 0 = -5*b + j*h + 5. What is the units digit of b?
3
Let o(y) = -2*y - 2. Let a be o(-3). Let k be (1 + -2)/((-1)/a). Suppose -k*x = -8*x + 172. What is the tens digit of x?
4
Let w = 6 - 11. Let s(j) be the first derivative of -j**4/4 - 4*j**3/3 - j**2/2 - 4*j + 60. What is the tens digit of s(w)?
2
Suppose -2016 = 6*o - 22*o. What is the tens digit of o?
2
Let w(z) = z**3 + 7*z**2 - 40*z - 13. What is the thousands digit of w(11)?
1
What is the hundreds digit of 11120/96 - 3/(-18)?
1
Suppose -471 - 1381 = -5*d + 4*n, 0 = -d - n + 374. What is the units digit of d?
2
Let n(y) = -36*y**3 - 2*y**2 - 2*y - 8. What is the units digit of n(-3)?
2
Let h = -55 + 261. Let d = h + -117. What is the tens digit of d?
8
Let l be 1*(48/4)/3. Suppose -2*c + 34 = l*u + c, -24 = -3*u - 3*c. What is the units digit of u?
0
Let a be 5/(20/72) - 0/(-2). What is the units digit of a*27/6 + -3?
8
Let j = 56 + -35. Suppose 3*v + 0 + j = 0. Let i = -6 - v. What is the units digit of i?
1
Let t = -47 + 216. Suppose 176 = 4*q - 4*f, -6*f + t = 4*q - 3*f. Let y = 68 - q. What is the units digit of y?
5
Let i(r) = -3*r**2 + 6*r + 4. Let q(y) = -7*y**2 + 12*y + 7. Let a = -1 + -3. Let n(c) = a*q(c) + 9*i(c). What is the tens digit of n(-8)?
2
Let c(g) = 2*g**3 - 2*g**2 + 3*g + 638. What is the tens digit of c(0)?
3
Let b = -33 + 35. Suppose -2*h = -b*n - 6*h + 24, -8 = -n + 2*h. What is the tens digit of n?
1
Let m(t) = t**2 - 9*t + 3. Let f be m(9). Suppose f*d - 25 = 8*d. What is the units digit of (-1)/5 + (-21)/d?
4
Suppose v + 2*k - 31 = 0, 4*v + 3*k - 99 = 15. Suppose 7*i - v = 148. What is the units digit of i?
5
Let d = -94 - -182. What is the units digit of d?
8
Let b(d) be the second derivative of 5*d**3/3 + 2*d. Let u be b(-4). Let v = u + 61. What is the units digit of v?
1
Let b(z) = -2*z**3 - 5*z**2 + 11*z + 1. Let i(s) = s**2 - 10*s + 19. Let m be i(6). What is the units digit of b(m)?
1
Suppose -2*g = 5*a - 533, 4*a = 2*a + 2*g + 202. Suppose 0 = -7*t + a + 231. What is the tens digit of t?
4
Let q(b) be the second derivative of 0 + 21/20*b**5 + 0*b**2 + 1/6*b**3 - 1/6*b**4 + 13*b. What is the tens digit of q(1)?
2
Suppose -9*z + 11570 = z. What is the thousands digit of z?
1
Let j(q) = -5*q**3 + 4*q**2 + 5*q + 10. What is the tens digit of j(-3)?
6
Let m(t) be the first derivative of 11*t**3/3 - 3*t**2/2 + 4*t + 13. What is the tens digit of m(3)?
9
Suppose 0*b + 84 = b + u, 3*b = -2*u + 